{"id":362,"date":"2016-06-07T09:46:35","date_gmt":"2016-06-07T09:46:35","guid":{"rendered":"http:\/\/new.centroisah.it\/?page_id=362"},"modified":"2016-06-07T09:46:35","modified_gmt":"2016-06-07T09:46:35","slug":"il-servizio-psicologico","status":"publish","type":"page","link":"https:\/\/www.centroisah.it\/?page_id=362","title":{"rendered":"Il servizio psicologico"},"content":{"rendered":"<div class=\"my_cerca\">\n<p align=\"justify\"><strong><span style=\"color: #ff0000;\">Il servizio psicologico<\/span><\/strong><\/p>\n<p align=\"justify\">\nL\u2019intervento psicologico comprende l\u2019uso di strumenti conoscitivi per la prevenzione, la diagnosi, le attivit\u00e0 di abilitazione- riabilitazione e sostegno in ambito psicologico rivolte alla persona, al gruppo, e alla comunit\u00e0.<br \/>\nComprende altres\u00ec le attivit\u00e0 di sperimentazione, ricerca e didattica in tale ambito.<\/p>\n<p align=\"justify\">Lo Psicologo in struttura svolge:<\/p>\n<p align=\"justify\">\u2022 Valutazioni psicodiagnostiche<br \/>\n\u2022 Supervisione e programmazione degli interventi riabilitativi e delle attivit\u00e0 clinica<br \/>\n\u2022 Coordinamento settimanale con gli operatori dei servizi<br \/>\n\u2022 Partecipazione settimanale all\u2019equipe medico psico \u2013 pedagogica<br \/>\n\u2022 Partecipa alla stesura diagnosi funzionale e progetto riabilitativo degli utenti<br \/>\n\u2022 Colloqui di sostegno psicologico individuali e di gruppo rivolto agli utenti e alle famiglie.<br \/>\nL\u2019intervento psicologico comprende l\u2019uso di strumenti conoscitivi per la prevenzione, la diagnosi, le attivit\u00e0 di abilitazione- riabilitazione e sostegno in ambito psicologico rivolte alla persona, al gruppo, e alla comunit\u00e0.<br \/>\nComprende altres\u00ec le attivit\u00e0 di sperimentazione, ricerca e didattica in tale ambito.<\/p>\n<\/div>\n<p><span class=\"Apple-style-span\">\u00a0\u00a0<small>Ultima revisione: 01\/12\/2009 17:58:37<\/small><\/span><\/p>\n<div class=\"post-meta\">Ultima Modifica: 7\/06\/16<\/div>","protected":false},"excerpt":{"rendered":"<p>Il servizio psicologico L\u2019intervento psicologico comprende l\u2019uso di strumenti conoscitivi per la prevenzione, la diagnosi, le attivit\u00e0 di abilitazione- riabilitazione e sostegno in ambito psicologico rivolte alla persona, al gruppo, e alla comunit\u00e0. Comprende altres\u00ec le attivit\u00e0 di sperimentazione, ricerca e didattica in tale ambito. Lo Psicologo in struttura svolge: \u2026 <a class=\"continue-reading-link\" href=\"https:\/\/www.centroisah.it\/?page_id=362\">continua a leggere <span class=\"meta-nav\">&rarr; <\/span><\/a><\/p>\n","protected":false},"author":2,"featured_media":0,"parent":0,"menu_order":0,"comment_status":"closed","ping_status":"closed","template":"","meta":{"jetpack_post_was_ever_published":false,"footnotes":""},"class_list":["post-362","page","type-page","status-publish","hentry"],"jetpack_sharing_enabled":true,"jetpack_shortlink":"https:\/\/wp.me\/P6JrrM-5Q","jetpack-related-posts":[],"jetpack_likes_enabled":true,"_links":{"self":[{"href":"https:\/\/www.centroisah.it\/index.php?rest_route=\/wp\/v2\/pages\/362","targetHints":{"allow":["GET"]}}],"collection":[{"href":"https:\/\/www.centroisah.it\/index.php?rest_route=\/wp\/v2\/pages"}],"about":[{"href":"https:\/\/www.centroisah.it\/index.php?rest_route=\/wp\/v2\/types\/page"}],"author":[{"embeddable":true,"href":"https:\/\/www.centroisah.it\/index.php?rest_route=\/wp\/v2\/users\/2"}],"replies":[{"embeddable":true,"href":"https:\/\/www.centroisah.it\/index.php?rest_route=%2Fwp%2Fv2%2Fcomments&post=362"}],"version-history":[{"count":1,"href":"https:\/\/www.centroisah.it\/index.php?rest_route=\/wp\/v2\/pages\/362\/revisions"}],"predecessor-version":[{"id":363,"href":"https:\/\/www.centroisah.it\/index.php?rest_route=\/wp\/v2\/pages\/362\/revisions\/363"}],"wp:attachment":[{"href":"https:\/\/www.centroisah.it\/index.php?rest_route=%2Fwp%2Fv2%2Fmedia&parent=362"}],"curies":[{"name":"wp","href":"https:\/\/api.w.org\/{rel}","templated":true}]}}