{"id":323,"date":"2016-06-07T09:19:38","date_gmt":"2016-06-07T09:19:38","guid":{"rendered":"http:\/\/new.centroisah.it\/?page_id=323"},"modified":"2021-05-06T15:59:00","modified_gmt":"2021-05-06T13:59:00","slug":"i-principi-fondamentali-del-centro-di-riabilitazione-polivalente","status":"publish","type":"page","link":"https:\/\/www.centroisah.it\/?page_id=323","title":{"rendered":"I principi fondamentali del centro di riabilitazione polivalente"},"content":{"rendered":"<div class=\"my_cerca\">\n<p align=\"justify\"><strong><span style=\"color: #ff0000;\">I PRINCIPI FONDAMENTALI<\/span><\/strong><\/p>\n<p align=\"justify\"><span style=\"color: #ff0000;\">DIGNIT\u00c1 DELLA PERSONA:<\/span><br \/>\nil riconoscimento della centralit\u00e0 della persona disabile \u00e8 il principio fondamentale su cui si basa l\u2019organizzazione della struttura. \u00c9 articolata in modo da offrire oltre alle specifiche prestazioni riabilitative, sanitarie, ed assistenziali, un concreto e sensibile supporto agli utenti, con una costante attenzione ai loro bisogni personali, al fine di concorrere al miglioramento della qualit\u00e0 della vita.<\/p>\n<p><span style=\"color: #ff0000;\">FILOSOFIA ed UMANIZZAZIONE dell\u2019 INTERVENTO:<\/span><br \/>\nle attivit\u00e0 quotidiane, condotte da personale specializzato e qualificato, mirate alla riabilitazione e al mantenimento delle abilit\u00e0, sono improntate nel rispetto della persona con i propri tempi e bisogni, anche in termini relazionali.<\/p>\n<p align=\"justify\"><span style=\"color: #ff0000;\">INTEGRAZIONE:<\/span><br \/>\noltre alla necessaria cura riservata alla riabilitazione e all\u2019assistenza sanitaria e tutelare, le strutture residenziali e diurne si caratterizzano per una forte integrazione con il territorio e la rete dei servizi. Anche la loro ubicazione in centro citt\u00e0, o nelle immediate vicinanze, offre l\u2019opportunit\u00e0 di integrazione e socializzazione tra gli utenti delle strutture e il tessuto sociale, favorendo cos\u00ec il pieno sviluppo dei contatti con l\u2019ambiente esterno, accanto alla continuit\u00e0 dei rapporti familiari.<br \/>\n<span style=\"color: #ff0000;\"><br \/>\nRISERVATEZZA:<\/span><br \/>\ni diritti alla Privacy dell\u2019utenza sono garantiti come previsto dal GDPR (reg. UE 679\/2016) . Ciascuna figura professionale \u00e8 adeguatamente formata e informata circa l\u2019importanza e l\u2019osservanza del Segreto Professionale, anche in virt\u00f9 del rispetto della dignit\u00e0 della persona e dei propri vissuti.<\/p>\n<p><span style=\"color: #ff0000;\">TRASPARENZA:<\/span><br \/>\ntutta l\u2019attivit\u00e0 delle strutture \u00e8 improntata alla massima trasparenza, sia in termini di pubblicizzazione e condivisione delle scelte gestionali, sia nei confronti degli utenti e dei loro familiari.<\/p>\n<p><span style=\"color: #ff0000;\">IMPARZIALIT\u00c1:<\/span><br \/>\nl\u2019erogazione dei servizi di riabilitazione, cura ed assistenza, \u00e8 garantita secondo criteri di imparzialit\u00e0 e giustizia. In virt\u00f9 della stessa mission della Fondazione ISAH , nonch\u00e9 ai rapporti di collaborazione con le ASL territoriali, l\u2019accesso ai servizi, in particolare quelli a carattere residenziale, \u00e8 agevolato alle persone in situazione di maggior bisogno.<\/p>\n<\/div>\n<p><span class=\"Apple-style-span\">\u00a0\u00a0<small>Ultima revisione: 01\/12\/2009 16:56:46<\/small><\/span><\/p>\n<div class=\"post-meta\">Ultima Modifica: 6\/05\/21<\/div>","protected":false},"excerpt":{"rendered":"<p>I PRINCIPI FONDAMENTALI DIGNIT\u00c1 DELLA PERSONA: il riconoscimento della centralit\u00e0 della persona disabile \u00e8 il principio fondamentale su cui si basa l\u2019organizzazione della struttura. \u00c9 articolata in modo da offrire oltre alle specifiche prestazioni riabilitative, sanitarie, ed assistenziali, un concreto e sensibile supporto agli utenti, con una costante attenzione ai \u2026 <a class=\"continue-reading-link\" href=\"https:\/\/www.centroisah.it\/?page_id=323\">continua a leggere <span class=\"meta-nav\">&rarr; <\/span><\/a><\/p>\n","protected":false},"author":2,"featured_media":0,"parent":0,"menu_order":0,"comment_status":"closed","ping_status":"closed","template":"","meta":{"jetpack_post_was_ever_published":false,"footnotes":""},"class_list":["post-323","page","type-page","status-publish","hentry"],"jetpack_sharing_enabled":true,"jetpack_shortlink":"https:\/\/wp.me\/P6JrrM-5d","jetpack-related-posts":[],"jetpack_likes_enabled":true,"_links":{"self":[{"href":"https:\/\/www.centroisah.it\/index.php?rest_route=\/wp\/v2\/pages\/323","targetHints":{"allow":["GET"]}}],"collection":[{"href":"https:\/\/www.centroisah.it\/index.php?rest_route=\/wp\/v2\/pages"}],"about":[{"href":"https:\/\/www.centroisah.it\/index.php?rest_route=\/wp\/v2\/types\/page"}],"author":[{"embeddable":true,"href":"https:\/\/www.centroisah.it\/index.php?rest_route=\/wp\/v2\/users\/2"}],"replies":[{"embeddable":true,"href":"https:\/\/www.centroisah.it\/index.php?rest_route=%2Fwp%2Fv2%2Fcomments&post=323"}],"version-history":[{"count":4,"href":"https:\/\/www.centroisah.it\/index.php?rest_route=\/wp\/v2\/pages\/323\/revisions"}],"predecessor-version":[{"id":896,"href":"https:\/\/www.centroisah.it\/index.php?rest_route=\/wp\/v2\/pages\/323\/revisions\/896"}],"wp:attachment":[{"href":"https:\/\/www.centroisah.it\/index.php?rest_route=%2Fwp%2Fv2%2Fmedia&parent=323"}],"curies":[{"name":"wp","href":"https:\/\/api.w.org\/{rel}","templated":true}]}}