{"id":269,"date":"2015-10-07T10:50:08","date_gmt":"2015-10-07T10:50:08","guid":{"rendered":"http:\/\/new.centroisah.it\/?page_id=269"},"modified":"2024-07-24T15:07:47","modified_gmt":"2024-07-24T13:07:47","slug":"sostieni-la-riabilitazione","status":"publish","type":"page","link":"https:\/\/www.centroisah.it\/?page_id=269","title":{"rendered":"Sostieni la riabilitazione"},"content":{"rendered":"<div>Sorry! This product is not available for purchase at this time.<\/div><!-- Jetpack Memberships Error: jetpack-memberships-rb-npi -->\n\n<p>Al fine di poter realizzare ambizioni programmi innovativi che possano garantire un valore aggiunto alla riabilitazione e all&#8217;assistenza agli anziani la FONDAZIONE ISAH ha la necessit\u00e0, come per altro analoghe istituzioni o associazioni senza finalit\u00e0 di lucro, di cercare dei partner che possano aiutare e sostenere il grande sforzo di assistenza, riabilitazione e integrazione delle persone portatrici di handicap o anziane.<\/p>\n<p>Si pu\u00f2 sostenere la riabilitazione:<\/p>\n<p>&#8211; conoscendo e divulgando, anche se non direttamente interessati, le peculiarit\u00e0 dei servizi offerti ai disabili e agli anziani<\/p>\n<p>&#8211; partecipando e suggerendo \u00a0eventi formativi e informativi organizzati dall&#8217;ente<\/p>\n<p>&#8211; aderendo a progetti specifici di volontariato e servizio civile<\/p>\n<p>&#8211; promuovendo sottoscrizioni in denaro per l&#8217;acquisto di attrezzature specifiche o per la realizzazione di progetti innovativi<\/p>\n<p>&#8211; donando direttamente attrezzature e ausili specifici per migliorare la vita delle persone seguite dal centro<\/p>\n<p>&#8211; promuovendo una critica positiva che permetta un continuo miglioramento della qualit\u00e0 dei servizi offerti<\/p>\n<p>&#8211; promuovendo e sollecitando la sensibilit\u00e0 delle aziende grandi e piccole ad investire nelle cos\u00ec dette &#8220;sponsorizzazioni di utilit\u00e0 sociale&#8221;<\/p>\n<p>Si ricorda inoltre che per quanto riguarda le erogazioni in denaro sar\u00e0 possibile usufruire delle agevolazioni fiscali previste dalle vigenti normativa che si evidenziano brevemente di seguito:<\/p>\n<p>Breve informativa sul regime fiscale delle erogazioni liberali<\/p>\n<p>Le erogazioni in denaro al nostro ente rientrano tra le detrazioni per oneri utilizzabili in sede di compilazione della dichiarazione dei redditi, modello unico o 730.<br \/>Si tratta di un regime fiscale di particolare favore in base al quale la persona fisica che elargisce la donazione\u00a0ad una ONLUS<\/p>\n<p><strong>Se sei una PERSONA FISICA hai due possibilit\u00e0:<\/strong><\/p>\n<ul>\n<li>ai sensi dell\u2019art. 15, comma 1.1. del D.P.R. 917\/86 puoi detrarre dall\u2019imposta lorda il 26% (a decorrere dal 2014) dell\u2019importo donato, per importo non superiore a \u20ac 30.000,00 annui;<\/li>\n<li>ai sensi del D.L. 35\/2005, convertito nella Legge 80\/2005, puoi dedurre dal reddito imponibile le donazioni alle ONLUS, in denaro e\/o in natura, per un importo non superiore al 10% del reddito complessivo dichiarato e, comunque, nella misura massima di \u20ac 70.000,00 annui.<\/li>\n<\/ul>\n<p><strong>Se sei una PERSONA GIURIDICA (societ\u00e0 o Ente) hai due possibilit\u00e0:<\/strong><\/p>\n<ul>\n<li>ai sensi dell\u2019art. 100, comma 2 del D.P.R. 917\/86, puoi dedurre le donazioni per un importo non superiore ad \u20ac 30.000,00 annui o al 2% del reddito d\u2019impresa dichiarato;<\/li>\n<li>ai sensi dell\u2019art. 14, comma 1 del D.L. 35\/2005, convertito nella Legge 80\/2005, puoi dedurre dal reddito le donazioni, in denaro e\/o in natura, per un importo non superiore al 10% del reddito complessivo dichiarato e comunque nella misura massima di \u20ac 70.000,00 annui.<\/li>\n<\/ul>\n<p><strong>NOTA BENE<\/strong><br \/><strong>Le agevolazioni non sono cumulabili tra di loro.<\/strong>\u00a0Per effettuare la scelta pi\u00f9 adatta alle tue esigenze ti consigliamo di rivolgerti ad un consulente di fiducia.<br \/>Sono escluse da qualsiasi agevolazione fiscale le donazioni eseguite in contanti.<br \/>Sono fiscalmente riconosciute le donazioni effettuate tramite banca o ufficio postale, ovvero mediante gli altri sistemi tracciati di pagamento (carte di credito, assegni, ecc.)<\/p>\n<p>*le DETRAZIONI sono le somme che vengono sottratte dall\u2019imposta (lorda) dovuta<br \/>** le DEDUZIONI sono le somme che diminuiscono il reddito complessivo da assoggettare a tassazione<\/p>\n<p><strong>DOCUMENTAZIONE DA CONSERVARE<\/strong><br \/>\u00e8 obbligo di colui che effettua l\u2019erogazione e ne detrae o deduce il relativo importo in sede di dichiarazione dei redditi conservare la ricevuta del versamento: pur non essendovi l\u2019obbligo di allegarla, pu\u00f2 essere successivamente richiesta dall\u2019 Amministrazione Finanziaria a verifica degli oneri detraibili e deducibili dichiarati.<\/p>\n<p><strong>ATTENZIONE<\/strong><br \/>Non \u00e8 la ricevuta di donazione emessa dall\u2019 Ente beneficiario che ne legittima la detrazione\/deduzione, ma la ricevuta bancaria o postale della donazione medesima.<\/p>\n<p>Per poter usufruire della detrazione la norma prevede che il pagamento debba avvenire esclusivamente con una delle seguenti modalit\u00e0:<br \/>1. Bonifico bancario da effettuarsi presso Banca BPER s.p.a. filiale di Imperia Oneglia Coordinate\u00a0 bancarie internazionali (IBAN): <strong>IT16 K 05387 10502 000047227077<\/strong>\u00a0a favore di FONDAZIONE ISAH ONLUS Imperia causale Erogazione liberale<br \/>2. Assegno circolare non trasferibile intestato a FONDAZIONE ISAH ONLUS<br \/>3. Assegno Bancario non trasferibile intestato FONDAZIONE ISAH ONLUS<\/p>\n<p>Nei casi previsti dalla legge l&#8217;ente provveder\u00e0 a rilasciare un&#8217;attestazione dell&#8217;avvenuto pagamento.<\/p>\n<h1>\u00a0<\/h1>\n<div data-test='contact-form' id='contact-form-269' class='wp-block-jetpack-contact-form-container '>\n<form action='https:\/\/www.centroisah.it\/?page_id=269#contact-form-269' method='post' class='contact-form commentsblock' aria-label=\"Sostieni la riabilitazione\" novalidate>\n\n<div style=\"\" class='grunion-field-name-wrap grunion-field-wrap'  >\n<label\n\t\t\t\tfor='g269-nome'\n\t\t\t\tclass='grunion-field-label name'>Nome<span class=\"grunion-label-required\" aria-hidden=\"true\">(obbligatorio)<\/span><\/label>\n<input\n\t\t\t\t\ttype='text'\n\t\t\t\t\tname='g269-nome'\n\t\t\t\t\tid='g269-nome'\n\t\t\t\t\tvalue=''\n\t\t\t\t\tclass='name  grunion-field' \n\t\t\t\t\trequired aria-required='true' \/>\n\t<\/div>\n\n<div style=\"\" class='grunion-field-email-wrap grunion-field-wrap'  >\n<label\n\t\t\t\tfor='g269-email'\n\t\t\t\tclass='grunion-field-label email'>E-mail<span class=\"grunion-label-required\" aria-hidden=\"true\">(obbligatorio)<\/span><\/label>\n<input\n\t\t\t\t\ttype='email'\n\t\t\t\t\tname='g269-email'\n\t\t\t\t\tid='g269-email'\n\t\t\t\t\tvalue=''\n\t\t\t\t\tclass='email  grunion-field' \n\t\t\t\t\trequired aria-required='true' \/>\n\t<\/div>\n\n<div style=\"\" class='grunion-field-url-wrap grunion-field-wrap'  >\n<label\n\t\t\t\tfor='g269-sitoweb'\n\t\t\t\tclass='grunion-field-label url'>Sito web<\/label>\n<input\n\t\t\t\t\ttype='text'\n\t\t\t\t\tname='g269-sitoweb'\n\t\t\t\t\tid='g269-sitoweb'\n\t\t\t\t\tvalue=''\n\t\t\t\t\tclass='url  grunion-field' \n\t\t\t\t\ttitle=\"Inserisci un URL valido - https:\/\/www.example.com\" oninvalid=\"setCustomValidity(&quot;Inserisci un URL valido - https:\/\/www.example.com&quot;)\" oninput=\"setCustomValidity(&quot;&quot;)\" pattern=\"(?:(?:[Hh][Tt][Tt][Pp][Ss]?|[Ff][Tt][Pp]):\\\/\\\/)?(?:\\S+(?::\\S*)?@|\\d{1,3}(?:\\.\\d{1,3}){3}|(?:(?:[a-zA-Z\\d\\u00a1-\\uffff]+-?)*[a-zA-Z\\d\\u00a1-\\uffff]+)(?:\\.(?:[a-zA-Z\\d\\u00a1-\\uffff]+-?)*[a-zA-Z\\d\\u00a1-\\uffff]+)*(?:\\.[a-zA-Z\\u00a1-\\uffff]{2,6}))(?::\\d+)?(?:[^\\s]*)?\" data-type-override=\"url\"  \/>\n\t<\/div>\n\n<div style=\"\" class='grunion-field-textarea-wrap grunion-field-wrap'  >\n<label\n\t\t\t\tfor='contact-form-comment-g269-commento'\n\t\t\t\tclass='grunion-field-label textarea'>Commento<span class=\"grunion-label-required\" aria-hidden=\"true\">(obbligatorio)<\/span><\/label>\n<textarea\n\t\t                style=''\n\t\t                name='g269-commento'\n\t\t                id='contact-form-comment-g269-commento'\n\t\t                rows='20' class='textarea  grunion-field'  required aria-required='true'><\/textarea>\n\t<\/div>\n\t<p class='contact-submit'>\n\t\t<button type='submit' class='pushbutton-wide'>Invia<\/button>\t\t<input type='hidden' name='contact-form-id' value='269' \/>\n\t\t<input type='hidden' name='action' value='grunion-contact-form' \/>\n\t\t<input type='hidden' name='contact-form-hash' value='83c9af9f551fad9c3c1a13c67eda04d4901f8a60' \/>\n\t<\/p>\n<\/form>\n<\/div>\n<p><img data-recalc-dims=\"1\" loading=\"lazy\" decoding=\"async\" class=\"alignleft size-large\" src=\"https:\/\/i0.wp.com\/www.centroisah.it\/file\/banner_sito.jpg?resize=500%2C189\" alt=\"\" width=\"500\" height=\"189\" \/><\/p>\n<h2>Come destinare il tuo 5&#215;1000 a\u00a0FONDAZIONE I.S.A.H. Centro di Riabilitazione Polivalente e CAsa di Riposo San Giuseppe ONLUS<\/h2>\n<p><strong>Se presenti la dichiarazione dei redditi<\/strong><\/p>\n<p>Nella tua dichiarazione dei redditi (Modello 730 e Modello Redditi PF 2020), firma nel riquadro <strong>&#8220;Sostegno al volontariato&#8230;&#8221;<\/strong> e inserisci il codice fiscale della Fondazione ISAH Centro di Riabilitazione Polivalente e Casa di Riposo San Giuseppe 01374770087<\/p>\n<h2><strong><img data-recalc-dims=\"1\" decoding=\"async\" src=\"https:\/\/i0.wp.com\/www.libera.it\/documenti\/files\/images\/001-fountain-pen-close-up.png?w=500&#038;ssl=1\" alt=\"\" \/>\u00a0C.F.\u00a0 01374770087<\/strong><\/h2>\n<h3><strong>Se non sei tenuto a presentare la dichiarazione dei redditi,<\/strong><\/h3>\n<h3><strong>puoi destinare comunque il tuo 5xmille a\u00a0Fondazione I.S.A.H. Centro di Riabilitazione Polivalente e Casa di Riposio San Giuseppe<\/strong><\/h3>\n<ul>\n<li>Compila la scheda dedicata fornita insieme al CU, firma nel riquadro &#8220;Sostegno al volontariato&#8230;&#8221; e inserisci il codice fiscale di Libera<strong>\u00a001374770087<\/strong><\/li>\n<li>Riponi la scheda in una busta chiusa e su essa scrivi<strong>\u00a0&#8220;Destinazione del 5xmille dell&#8217;IRPEF&#8221;\u00a0<\/strong>insieme al tuo nome, cognome e il tuo codice fiscale<\/li>\n<li>Consegna la busta, senza alcun costo, a un ufficio postale, a uno sportello bancario, a un CAF o al commercialista, che si occuperanno di inviarlo all&#8217;Agenzia delle Entrate.<\/li>\n<\/ul>\n<p><em><strong>N.B. Per informazioni o approfondimenti sul 5xmille\u00a0alla Fondazione I.S.A.H. Centro di Riabilitazione Polivalente e Casa di Risposo San Giuseppe invia una mail a info@centroisah.it oppure chiama il numero 01374770087 o un messagio whatsapp o telegram al n. +39 3666219994<\/strong><\/em><\/p><div class=\"post-meta\">Ultima Modifica: 24\/07\/24<\/div>","protected":false},"excerpt":{"rendered":"<p>Al fine di poter realizzare ambizioni programmi innovativi che possano garantire un valore aggiunto alla riabilitazione e all&#8217;assistenza agli anziani la FONDAZIONE ISAH ha la necessit\u00e0, come per altro analoghe istituzioni o associazioni senza finalit\u00e0 di lucro, di cercare dei partner che possano aiutare e sostenere il grande sforzo di \u2026 <a class=\"continue-reading-link\" href=\"https:\/\/www.centroisah.it\/?page_id=269\">continua a leggere <span class=\"meta-nav\">&rarr; <\/span><\/a><\/p>\n","protected":false},"author":2,"featured_media":0,"parent":0,"menu_order":0,"comment_status":"closed","ping_status":"closed","template":"","meta":{"jetpack_post_was_ever_published":false,"footnotes":""},"class_list":["post-269","page","type-page","status-publish","hentry"],"jetpack_sharing_enabled":true,"jetpack_shortlink":"https:\/\/wp.me\/P6JrrM-4l","jetpack-related-posts":[],"jetpack_likes_enabled":true,"_links":{"self":[{"href":"https:\/\/www.centroisah.it\/index.php?rest_route=\/wp\/v2\/pages\/269","targetHints":{"allow":["GET"]}}],"collection":[{"href":"https:\/\/www.centroisah.it\/index.php?rest_route=\/wp\/v2\/pages"}],"about":[{"href":"https:\/\/www.centroisah.it\/index.php?rest_route=\/wp\/v2\/types\/page"}],"author":[{"embeddable":true,"href":"https:\/\/www.centroisah.it\/index.php?rest_route=\/wp\/v2\/users\/2"}],"replies":[{"embeddable":true,"href":"https:\/\/www.centroisah.it\/index.php?rest_route=%2Fwp%2Fv2%2Fcomments&post=269"}],"version-history":[{"count":7,"href":"https:\/\/www.centroisah.it\/index.php?rest_route=\/wp\/v2\/pages\/269\/revisions"}],"predecessor-version":[{"id":1525,"href":"https:\/\/www.centroisah.it\/index.php?rest_route=\/wp\/v2\/pages\/269\/revisions\/1525"}],"wp:attachment":[{"href":"https:\/\/www.centroisah.it\/index.php?rest_route=%2Fwp%2Fv2%2Fmedia&parent=269"}],"curies":[{"name":"wp","href":"https:\/\/api.w.org\/{rel}","templated":true}]}}