{"id":217,"date":"2015-10-05T09:17:33","date_gmt":"2015-10-05T09:17:33","guid":{"rendered":"http:\/\/new.centroisah.it\/?page_id=217"},"modified":"2015-10-05T09:17:33","modified_gmt":"2015-10-05T09:17:33","slug":"autismo-le-risposte-dei-servizi-alle-domande-delle-famiglie","status":"publish","type":"page","link":"https:\/\/www.centroisah.it\/?page_id=217","title":{"rendered":"&#8220;AUTISMO: Le risposte dei servizi alle domande delle famiglie&#8221;"},"content":{"rendered":"<p>&#8220;AUTISMO: Le risposte dei servizi alle domande delle famiglie&#8221;<\/p>\n<p><strong><em>Convegno Scientifico<\/em><\/strong><\/p>\n<p><strong><em>AUTISMO: Le risposte dei servizi alle domande delle famiglie<\/em><\/strong><\/p>\n<p><strong><em>Sabato 30 novembre 2013 dalle ore 8.30 alle ore 17.30<\/em><\/strong><\/p>\n<p><strong><em>Auditorium Camera di Commercio di Imperia via T. Schiva 29<\/em><\/strong><\/p>\n<p>Il 30 Novembre p.v. , presso l\u2019Auditorium della Camera di Commercio di Imperia , l\u2019I.S.A.H Centro di Riabilitazione Polivalente (Ente di Diritto pubblico altamente specializzato nella riabilitazione di persona affette da disabilit\u00e0 psichiche, fisiche e sensoriali in et\u00e0 evolutiva e giovane adulta) organizza un convegno scientifico dal titolo \u201c AUTISMO : le risposte dei servizi alle domande delle famiglie\u201d.<\/p>\n<p>L\u2019iniziativa \u00e8 stata patrocinata dalla Regione Liguria, dal Comune di Imperia e dalla ASL n. 1 Imperiese.<\/p>\n<p>L\u2019evento si inserisce all\u2019interno del progetto di\u00a0<strong>\u201cModulo riabilitativo dei Disturbi Pervasivi dello Sviluppo\u201d<\/strong>\u00a0al quale l\u2019I.S.A.H sta lavorando da tempo promuovendo la formazione e l\u2019aggiornamento della propria equipe multidisciplinarei sulle strategie di intervento scientificamente validate per\u00a0queste patologie.<\/p>\n<p>Gli interventi ad opera di clinici, medici specialistici, terapisti della riabilitazione, professionisti in ambito sanitario, sociale e scolastico, toccheranno i temi della diagnosi e\u00a0\u00a0presa in carico precoce\u00a0\u00a0e dell\u2019efficacia dei trattamenti riabilitativi nonch\u00e9 dell\u2019assetto dei servizi sul territorio.<\/p>\n<p>Il filo conduttore sar\u00e0 quello di promuovere una rete di servizi sanitari che garantiscano un approccio multiprofessionale e interdisciplinare per poter affrontare con competenza e coesione la complessit\u00e0 e l\u2019eterogeneit\u00e0 delle sindromi autistiche.<\/p>\n<p>Ma anche una rete per il raccordo e il coordinamento tra i vari settori sanitari e quelli scolastici, sociali e famigliari.<\/p>\n<p>Si ritiene che vada diffusa la consapevolezza che la presa in carico del paziente autistico si muove per tutto l\u2019arco della vita e investe ogni parte di essa.<\/p>\n<p>In sintesi si vuole promuovere una politica sanitaria e sociale che dia continuit\u00e0 alla diagnosi, alla presa in carico e all\u2019inclusione sociale con l\u2019attivazione di interventi educativi e abilitativi multidisciplinari basati sulle evidenze e sulla valutazione funzionale individualizzata, ma anche costruire una stretta rete di collaborazione e di raccordo tra operatori sanitari ,sociali educativi e familiari.<\/p>\n<p>Lo svolgimento del convegno scientifico\u00a0\u00a0intende proprio inserirsi in questa ottica di rete prevedendo momenti di partecipazione attiva da parte degli addetti ai lavori ma anche delle famiglie,della scuola,del mondo del volontariato , della cooperazione sociale e di tutti i cittadini sensibili a questo argomento.<\/p>\n<p><strong>A conferma dell&#8217;interesse dell&#8217;argomento trattato e del valore degli esperti che interverranno ad oggi (20\/11\/2013) sono gi\u00e0 350 le preiscrizioni, ma continuano ad arrivare ora dopo ora. La modularit\u00e0 dell\u2019Auditorium permette una capienza complessiva di 475 posti e si conta di poterli riempire tutti.<\/strong><\/p>\n<p><strong>Si precisa che il convegno \u00e8 rivolto non solo alle professioni sanitarie e sociali (per le quali verranno assegnati crediti ECM e\u00a0\u00a0formativi) , ma anche agli insegnanti, educatori, volontari e a tutta la cittadinanza interessata e soprattutto alle famiglie. l\u2019INGRESSO E\u2019 COMPLETAMENTE GRATUITO e al termine della giornata verr\u00e0 rilasciato attestato di formazione.<\/strong><\/p>\n<p>&nbsp;<\/p>\n<p>&nbsp;<\/p>\n<p>Con il termine \u201cAutismo\u201d vengono comunemente definite alcune sindromi di natura neurobiologica raggruppate sotto la categoria nosologica di \u201cDisturbi generalizzati dello sviluppo\u201d (DGS), ovvero \u201cPervasive Developmental Disorders\u201d (PDD). L\u2019eziologia dell\u2019autismo rimane nella maggioranza dei casi sconosciuta e, ad oggi, non esistono cure risolutive.<\/p>\n<p>I Disturbi generalizzati dello sviluppo sono caratterizzati da difficolt\u00e0 nella comunicazione e nell\u2019interazione sociale e dalla presenza di comportamenti e interessi ristretti e stereotipati. Accanto a questa triade di sintomi, le persone affette da autismo possono presentare in misura pi\u00f9 o meno marcata anche problemi del sonno, di alimentazione, disarmonie motorie e cognitive, scarsa autonomia personale e sociale, difficolt\u00e0 comportamentali, autolesionismo, aggressivit\u00e0. Quando parliamo di autismo solitamente focalizziamo l\u2019attenzione sull\u2019individuo, trascurando le ricadute che questa patologia ha sui sistemi prossimali: nella sua famiglia, nei gruppi di appartenenza, ma pi\u00f9 in generale nella societ\u00e0.<\/p>\n<p>Un intervento precoce, globale,\u00a0<em>evidence based<\/em>, rispettoso della persona e delle sue specificit\u00e0, fa la differenza permettendo di modificare gli esiti della patologia migliorando la qualit\u00e0 di vita della persona, del suo nucleo familiare e degli altri suoi sistemi di appartenenza.<\/p>\n<p>&nbsp;<\/p>\n<p>Il modello del servizio ISAH, che eroga prestazioni ambulatoriali, semiresidenziali e residenziali, si caratterizza per la multidisciplinariet\u00e0 della presa in carico, il monitoraggio sistematico degli interventi e la personalizzazione del Progetto Riabilitativo elaborato dall\u2019equipe medico-psicopedagogica del centro alla quale partecipano neuropsichiatri infantili, psicologi, pedagogisti, terapisti della riabilitazione, educatori professionali sanitari, OSS. Il personale sanitario \u00e8 formato alle diverse metodiche di intervento privilegiate tra cui: il metodo T.E.A.C.C.H, il programma A.B.A., la comunicazione aumentativa alternativa, l\u2019intervento cognitivo-comportamentale. Il modulo prevede una presa in carico individuale e in piccoli gruppi inbase alle attivit\u00e0 programmate e al funzionamento del soggetto.<\/p>\n<p>Le attivit\u00e0 riabilitative prevedono interventi di logopedia, neuropsicomotricit\u00e0, attivit\u00e0 cognitiva specifica, stimolazione sensoriale. L\u2019ISAH si avvale anche della collaborazione di strutture esterne e personale proprio per attivit\u00e0 di ippoterapia e pet-terapy.<\/p>\n<p>Responsabili del Progetto:<\/p>\n<p>Dott.ssa Clelia Maragliano &#8211; Direttore Medico Specializzata in Neuropsichiatra Infantile<\/p>\n<p>Dott.ssa Elena Maria Parodi &#8211; Neuropsichiatra Infantile<\/p>\n<p>Dott.ssa Daniela Lagorio \u2013 Psichiatra Psicoterapeuta<\/p>\n<p>Dott.ssa Alessia Martini &#8211; Psicologa<\/p>\n<p>Dott.ssa Valeria Canetti &#8211; Terapista della Neuro e Psicomotricit\u00e0 dell\u2019Et\u00e0 Evolutiva \u2013 Responsabile del Settore Riabilitativo<\/p>\n<p>Dott.ssa Francesca Mazzarelli- Terapista della Neuro e Psicomotricit\u00e0 dell\u2019Et\u00e0 Evolutiva \u2013 Responsabile del Settore di riabilitazione Diurno di Ventimiglia<\/p>\n<p>Dott. Marco Minazzi &#8211; Educatore professionale e Laureato in Scienze Motorie Responsabile del Settore Riabilitazione Residenziale<\/p>\n<p>Dott. Luca Scevola Educatore Professionale e Laureato in Scienze Motorie Responsabile del Settore Riabilitazione Residenziale<\/p>\n<p>Dott.ssa Patrizia Vignola &#8211; Educatore Professionale Responsabile del Settore Riabilitazione Diurno di Imperia.<\/p>\n<p><img data-recalc-dims=\"1\" decoding=\"async\" src=\"https:\/\/i0.wp.com\/D8972B5F-CB4F-41C2-9C1C-9E20F3A419CF\/locandina_autismo_400.jpg?w=500\" alt=\"locandina_autismo_400.jpg\" \/><\/p>\n<div class=\"post-meta\">Ultima Modifica: 5\/10\/15<\/div>","protected":false},"excerpt":{"rendered":"<p>&#8220;AUTISMO: Le risposte dei servizi alle domande delle famiglie&#8221; Convegno Scientifico AUTISMO: Le risposte dei servizi alle domande delle famiglie Sabato 30 novembre 2013 dalle ore 8.30 alle ore 17.30 Auditorium Camera di Commercio di Imperia via T. Schiva 29 Il 30 Novembre p.v. , presso l\u2019Auditorium della Camera di \u2026 <a class=\"continue-reading-link\" href=\"https:\/\/www.centroisah.it\/?page_id=217\">continua a leggere <span class=\"meta-nav\">&rarr; <\/span><\/a><\/p>\n","protected":false},"author":2,"featured_media":0,"parent":0,"menu_order":0,"comment_status":"closed","ping_status":"closed","template":"","meta":{"jetpack_post_was_ever_published":false,"footnotes":""},"class_list":["post-217","page","type-page","status-publish","hentry"],"jetpack_sharing_enabled":true,"jetpack_shortlink":"https:\/\/wp.me\/P6JrrM-3v","jetpack-related-posts":[],"jetpack_likes_enabled":true,"_links":{"self":[{"href":"https:\/\/www.centroisah.it\/index.php?rest_route=\/wp\/v2\/pages\/217","targetHints":{"allow":["GET"]}}],"collection":[{"href":"https:\/\/www.centroisah.it\/index.php?rest_route=\/wp\/v2\/pages"}],"about":[{"href":"https:\/\/www.centroisah.it\/index.php?rest_route=\/wp\/v2\/types\/page"}],"author":[{"embeddable":true,"href":"https:\/\/www.centroisah.it\/index.php?rest_route=\/wp\/v2\/users\/2"}],"replies":[{"embeddable":true,"href":"https:\/\/www.centroisah.it\/index.php?rest_route=%2Fwp%2Fv2%2Fcomments&post=217"}],"version-history":[{"count":2,"href":"https:\/\/www.centroisah.it\/index.php?rest_route=\/wp\/v2\/pages\/217\/revisions"}],"predecessor-version":[{"id":292,"href":"https:\/\/www.centroisah.it\/index.php?rest_route=\/wp\/v2\/pages\/217\/revisions\/292"}],"wp:attachment":[{"href":"https:\/\/www.centroisah.it\/index.php?rest_route=%2Fwp%2Fv2%2Fmedia&parent=217"}],"curies":[{"name":"wp","href":"https:\/\/api.w.org\/{rel}","templated":true}]}}

<p>&#8220;AUTISMO: Le risposte dei servizi alle domande delle famiglie&#8221;</p>
<p><strong><em>Convegno Scientifico</em></strong></p>
<p><strong><em>AUTISMO: Le risposte dei servizi alle domande delle famiglie</em></strong></p>
<p><strong><em>Sabato 30 novembre 2013 dalle ore 8.30 alle ore 17.30</em></strong></p>
<p><strong><em>Auditorium Camera di Commercio di Imperia via T. Schiva 29</em></strong></p>
<p>Il 30 Novembre p.v. , presso l’Auditorium della Camera di Commercio di Imperia , l’I.S.A.H Centro di Riabilitazione Polivalente (Ente di Diritto pubblico altamente specializzato nella riabilitazione di persona affette da disabilità psichiche, fisiche e sensoriali in età evolutiva e giovane adulta) organizza un convegno scientifico dal titolo “ AUTISMO : le risposte dei servizi alle domande delle famiglie”.</p>
<p>L’iniziativa è stata patrocinata dalla Regione Liguria, dal Comune di Imperia e dalla ASL n. 1 Imperiese.</p>
<p>L’evento si inserisce all’interno del progetto di <strong>“Modulo riabilitativo dei Disturbi Pervasivi dello Sviluppo”</strong> al quale l’I.S.A.H sta lavorando da tempo promuovendo la formazione e l’aggiornamento della propria equipe multidisciplinarei sulle strategie di intervento scientificamente validate per queste patologie.</p>
<p>Gli interventi ad opera di clinici, medici specialistici, terapisti della riabilitazione, professionisti in ambito sanitario, sociale e scolastico, toccheranno i temi della diagnosi e  presa in carico precoce  e dell’efficacia dei trattamenti riabilitativi nonché dell’assetto dei servizi sul territorio.</p>
<p>Il filo conduttore sarà quello di promuovere una rete di servizi sanitari che garantiscano un approccio multiprofessionale e interdisciplinare per poter affrontare con competenza e coesione la complessità e l’eterogeneità delle sindromi autistiche.</p>
<p>Ma anche una rete per il raccordo e il coordinamento tra i vari settori sanitari e quelli scolastici, sociali e famigliari.</p>
<p>Si ritiene che vada diffusa la consapevolezza che la presa in carico del paziente autistico si muove per tutto l’arco della vita e investe ogni parte di essa.</p>
<p>In sintesi si vuole promuovere una politica sanitaria e sociale che dia continuità alla diagnosi, alla presa in carico e all’inclusione sociale con l’attivazione di interventi educativi e abilitativi multidisciplinari basati sulle evidenze e sulla valutazione funzionale individualizzata, ma anche costruire una stretta rete di collaborazione e di raccordo tra operatori sanitari ,sociali educativi e familiari.</p>
<p>Lo svolgimento del convegno scientifico  intende proprio inserirsi in questa ottica di rete prevedendo momenti di partecipazione attiva da parte degli addetti ai lavori ma anche delle famiglie,della scuola,del mondo del volontariato , della cooperazione sociale e di tutti i cittadini sensibili a questo argomento.</p>
<p><strong>A conferma dell&#8217;interesse dell&#8217;argomento trattato e del valore degli esperti che interverranno ad oggi (20/11/2013) sono già 350 le preiscrizioni, ma continuano ad arrivare ora dopo ora. La modularità dell’Auditorium permette una capienza complessiva di 475 posti e si conta di poterli riempire tutti.</strong></p>
<p><strong>Si precisa che il convegno è rivolto non solo alle professioni sanitarie e sociali (per le quali verranno assegnati crediti ECM e  formativi) , ma anche agli insegnanti, educatori, volontari e a tutta la cittadinanza interessata e soprattutto alle famiglie. l’INGRESSO E’ COMPLETAMENTE GRATUITO e al termine della giornata verrà rilasciato attestato di formazione.</strong></p>
<p>&nbsp;</p>
<p>&nbsp;</p>
<p>Con il termine “Autismo” vengono comunemente definite alcune sindromi di natura neurobiologica raggruppate sotto la categoria nosologica di “Disturbi generalizzati dello sviluppo” (DGS), ovvero “Pervasive Developmental Disorders” (PDD). L’eziologia dell’autismo rimane nella maggioranza dei casi sconosciuta e, ad oggi, non esistono cure risolutive.</p>
<p>I Disturbi generalizzati dello sviluppo sono caratterizzati da difficoltà nella comunicazione e nell’interazione sociale e dalla presenza di comportamenti e interessi ristretti e stereotipati. Accanto a questa triade di sintomi, le persone affette da autismo possono presentare in misura più o meno marcata anche problemi del sonno, di alimentazione, disarmonie motorie e cognitive, scarsa autonomia personale e sociale, difficoltà comportamentali, autolesionismo, aggressività. Quando parliamo di autismo solitamente focalizziamo l’attenzione sull’individuo, trascurando le ricadute che questa patologia ha sui sistemi prossimali: nella sua famiglia, nei gruppi di appartenenza, ma più in generale nella società.</p>
<p>Un intervento precoce, globale, <em>evidence based</em>, rispettoso della persona e delle sue specificità, fa la differenza permettendo di modificare gli esiti della patologia migliorando la qualità di vita della persona, del suo nucleo familiare e degli altri suoi sistemi di appartenenza.</p>
<p>&nbsp;</p>
<p>Il modello del servizio ISAH, che eroga prestazioni ambulatoriali, semiresidenziali e residenziali, si caratterizza per la multidisciplinarietà della presa in carico, il monitoraggio sistematico degli interventi e la personalizzazione del Progetto Riabilitativo elaborato dall’equipe medico-psicopedagogica del centro alla quale partecipano neuropsichiatri infantili, psicologi, pedagogisti, terapisti della riabilitazione, educatori professionali sanitari, OSS. Il personale sanitario è formato alle diverse metodiche di intervento privilegiate tra cui: il metodo T.E.A.C.C.H, il programma A.B.A., la comunicazione aumentativa alternativa, l’intervento cognitivo-comportamentale. Il modulo prevede una presa in carico individuale e in piccoli gruppi inbase alle attività programmate e al funzionamento del soggetto.</p>
<p>Le attività riabilitative prevedono interventi di logopedia, neuropsicomotricità, attività cognitiva specifica, stimolazione sensoriale. L’ISAH si avvale anche della collaborazione di strutture esterne e personale proprio per attività di ippoterapia e pet-terapy.</p>
<p>Responsabili del Progetto:</p>
<p>Dott.ssa Clelia Maragliano &#8211; Direttore Medico Specializzata in Neuropsichiatra Infantile</p>
<p>Dott.ssa Elena Maria Parodi &#8211; Neuropsichiatra Infantile</p>
<p>Dott.ssa Daniela Lagorio – Psichiatra Psicoterapeuta</p>
<p>Dott.ssa Alessia Martini &#8211; Psicologa</p>
<p>Dott.ssa Valeria Canetti &#8211; Terapista della Neuro e Psicomotricità dell’Età Evolutiva – Responsabile del Settore Riabilitativo</p>
<p>Dott.ssa Francesca Mazzarelli- Terapista della Neuro e Psicomotricità dell’Età Evolutiva – Responsabile del Settore di riabilitazione Diurno di Ventimiglia</p>
<p>Dott. Marco Minazzi &#8211; Educatore professionale e Laureato in Scienze Motorie Responsabile del Settore Riabilitazione Residenziale</p>
<p>Dott. Luca Scevola Educatore Professionale e Laureato in Scienze Motorie Responsabile del Settore Riabilitazione Residenziale</p>
<p>Dott.ssa Patrizia Vignola &#8211; Educatore Professionale Responsabile del Settore Riabilitazione Diurno di Imperia.</p>
<p><img data-recalc-dims="1" decoding="async" src="https://i0.wp.com/D8972B5F-CB4F-41C2-9C1C-9E20F3A419CF/locandina_autismo_400.jpg?w=500" alt="locandina_autismo_400.jpg" /></p>
<div class="post-meta">Ultima Modifica: 5/10/15</div>
