{"id":172,"date":"2015-10-05T08:29:12","date_gmt":"2015-10-05T08:29:12","guid":{"rendered":"http:\/\/new.centroisah.it\/?page_id=172"},"modified":"2015-10-05T08:29:12","modified_gmt":"2015-10-05T08:29:12","slug":"modulo-riabilitativo-dei-disturbi-pervasivi-dello-sviluppo","status":"publish","type":"page","link":"https:\/\/www.centroisah.it\/?page_id=172","title":{"rendered":"Modulo riabilitativo dei Disturbi Pervasivi dello Sviluppo"},"content":{"rendered":"<p><span class=\"Apple-style-span\">A seguito delle numerose richieste di inserimento pervenute di utenti con diagnosi di disturbi pervasivi dello sviluppo , l&#8217;\u00e8quipe del Centro di Riabilitazione ISAH ha strutturato un \u201cmodulo specifico di riabilitazione con modalit\u00e0 di intervento diversificate a livello ambulatoriale, semiresidenziale e residenziale. La metodologia dell&#8217;intervento terapeutico \u00e8 caratterizzata da un approccio di tipo multidisciplinare integrato, definito nel Progetto Riabilitativo Individuale (P.R.I.) di ciascun utente. Il P.R.I viene steso e verificato in riunione di \u00e8quipe con cadenza semestrale e comunque sottoposto a continui monitoraggi in sede di incontri settimanali con lo staff di riferimento. L&#8217;attivit\u00e0 svolta \u00e8 altres\u00ec supervisionata anche attraverso l&#8217;utilizzo di video-tape.<\/p>\n<p>Al fine di una piena condivisione degli obiettivi riabilitativi la famiglia dell&#8217;utente riveste un ruolo attivo all&#8217;interno del P.R.I., e al tempo stesso l&#8217;\u00e9quipe fornisce interventi di supporto e formazione (parent training).<\/p>\n<p>L&#8217;\u00e8quipe ISAH agisce come \u201canello di collegamento\u201d, di raccordo tra i diversi sistemi formali (Asl, scuole, ecc ) e informali che costituiscono la rete sociale, con l&#8217;obiettivo di migliorare la qualit\u00e0 della vita del paziente.<\/p>\n<p>Il personale \u00e8 formata nelle diverse metodiche d&#8217;intervento privilegiate tra cui: programma T.E.A.C.C.H ,programma A.B.A.; comunicazione alternativa aumentativa; intervento cognitivo &#8211; comportamentale; intervento psicofarmacologico.<\/p>\n<p>Il Modulo prevede una suddivisione in piccoli gruppi in base alle attivit\u00e0 programmate e al funzionamento del soggetto, inquadrato inizialmente secondo la check list base ICF(Classificazione Internazionale del Funzionamento, della Disabilit\u00e0 e della Salute)- ICD 10 e successive valutazioni specifiche nelle diverse aree.<\/p>\n<p>L&#8217;ambiente \u00e8 strutturato secondo le metodiche d&#8217;intervento utilizzate, ad esempio con etichettatura dell&#8217;ambiente secondo la CAA, utilizzo di agende visive, classificazione dei materiali,etc.<\/p>\n<p>Le attivit\u00e0 riabilitative prevedono di stimolazione sensoriale, attivit\u00e0 espressiva, attivit\u00e0 cognitiva, animazione musicale, ergoterapia, pet-therapy, ortoterapia, ippoterapia, terapia in acqua. Detti interventi sono, a seconda del Progetto Riabilitativo Individualizzato, integrati da sedute individuali di logopedia e neuropsicomotricit\u00e0 ed eventualemente di fisioterapia.<\/p>\n<p>Responsabili del Progetto:<br \/>\nDott.ssa Clelia Maragliano &#8211; Direttore Medico Specializzata in Neuropsichiatra Infantile<br \/>\nDott.ssa A. Martini &#8211; Psicologa<br \/>\nDott.ssa Valeria Canetti &#8211; Terapista della Neuro e Psicomotricit\u00e0 dell\u2019Et\u00e0 Evolutiva \u2013 Responsabile del Settore Riabilitativo)<br \/>\nDott.ssa Francesca Mazzarelli- Terapista della Neuro e Psicomotricit\u00e0 dell\u2019Et\u00e0 Evolutiva \u2013 Responsabile del Settore di riabilitazione Diurno di Ventimiglia<br \/>\nDott. Marco Minazzi &#8211; Educatore professionale e Laureato in Scienze Motorie Responsabile del Settore Riabilitazione Residenziale<br \/>\nDott. Luca Scevola Educatore Professionale e Laureato in Scienze Motorie Responsabile del Settore Riabilitazione Residenziale<br \/>\nDott.ssa Patrizia Vignola &#8211; Educatore Professionale Responsabile del Settore Riabilitazione Diurno di Imperia<\/span><\/p>\n<div class=\"post-meta\">Ultima Modifica: 5\/10\/15<\/div>","protected":false},"excerpt":{"rendered":"<p>A seguito delle numerose richieste di inserimento pervenute di utenti con diagnosi di disturbi pervasivi dello sviluppo , l&#8217;\u00e8quipe del Centro di Riabilitazione ISAH ha strutturato un \u201cmodulo specifico di riabilitazione con modalit\u00e0 di intervento diversificate a livello ambulatoriale, semiresidenziale e residenziale. La metodologia dell&#8217;intervento terapeutico \u00e8 caratterizzata da un \u2026 <a class=\"continue-reading-link\" href=\"https:\/\/www.centroisah.it\/?page_id=172\">continua a leggere <span class=\"meta-nav\">&rarr; <\/span><\/a><\/p>\n","protected":false},"author":2,"featured_media":0,"parent":0,"menu_order":0,"comment_status":"closed","ping_status":"closed","template":"","meta":{"jetpack_post_was_ever_published":false,"footnotes":""},"class_list":["post-172","page","type-page","status-publish","hentry"],"jetpack_sharing_enabled":true,"jetpack_shortlink":"https:\/\/wp.me\/P6JrrM-2M","jetpack-related-posts":[],"jetpack_likes_enabled":true,"_links":{"self":[{"href":"https:\/\/www.centroisah.it\/index.php?rest_route=\/wp\/v2\/pages\/172","targetHints":{"allow":["GET"]}}],"collection":[{"href":"https:\/\/www.centroisah.it\/index.php?rest_route=\/wp\/v2\/pages"}],"about":[{"href":"https:\/\/www.centroisah.it\/index.php?rest_route=\/wp\/v2\/types\/page"}],"author":[{"embeddable":true,"href":"https:\/\/www.centroisah.it\/index.php?rest_route=\/wp\/v2\/users\/2"}],"replies":[{"embeddable":true,"href":"https:\/\/www.centroisah.it\/index.php?rest_route=%2Fwp%2Fv2%2Fcomments&post=172"}],"version-history":[{"count":1,"href":"https:\/\/www.centroisah.it\/index.php?rest_route=\/wp\/v2\/pages\/172\/revisions"}],"predecessor-version":[{"id":173,"href":"https:\/\/www.centroisah.it\/index.php?rest_route=\/wp\/v2\/pages\/172\/revisions\/173"}],"wp:attachment":[{"href":"https:\/\/www.centroisah.it\/index.php?rest_route=%2Fwp%2Fv2%2Fmedia&parent=172"}],"curies":[{"name":"wp","href":"https:\/\/api.w.org\/{rel}","templated":true}]}}

<p><span class="Apple-style-span">A seguito delle numerose richieste di inserimento pervenute di utenti con diagnosi di disturbi pervasivi dello sviluppo , l&#8217;èquipe del Centro di Riabilitazione ISAH ha strutturato un “modulo specifico di riabilitazione con modalità di intervento diversificate a livello ambulatoriale, semiresidenziale e residenziale. La metodologia dell&#8217;intervento terapeutico è caratterizzata da un approccio di tipo multidisciplinare integrato, definito nel Progetto Riabilitativo Individuale (P.R.I.) di ciascun utente. Il P.R.I viene steso e verificato in riunione di èquipe con cadenza semestrale e comunque sottoposto a continui monitoraggi in sede di incontri settimanali con lo staff di riferimento. L&#8217;attività svolta è altresì supervisionata anche attraverso l&#8217;utilizzo di video-tape.</p>
<p>Al fine di una piena condivisione degli obiettivi riabilitativi la famiglia dell&#8217;utente riveste un ruolo attivo all&#8217;interno del P.R.I., e al tempo stesso l&#8217;équipe fornisce interventi di supporto e formazione (parent training).</p>
<p>L&#8217;èquipe ISAH agisce come “anello di collegamento”, di raccordo tra i diversi sistemi formali (Asl, scuole, ecc ) e informali che costituiscono la rete sociale, con l&#8217;obiettivo di migliorare la qualità della vita del paziente.</p>
<p>Il personale è formata nelle diverse metodiche d&#8217;intervento privilegiate tra cui: programma T.E.A.C.C.H ,programma A.B.A.; comunicazione alternativa aumentativa; intervento cognitivo &#8211; comportamentale; intervento psicofarmacologico.</p>
<p>Il Modulo prevede una suddivisione in piccoli gruppi in base alle attività programmate e al funzionamento del soggetto, inquadrato inizialmente secondo la check list base ICF(Classificazione Internazionale del Funzionamento, della Disabilità e della Salute)- ICD 10 e successive valutazioni specifiche nelle diverse aree.</p>
<p>L&#8217;ambiente è strutturato secondo le metodiche d&#8217;intervento utilizzate, ad esempio con etichettatura dell&#8217;ambiente secondo la CAA, utilizzo di agende visive, classificazione dei materiali,etc.</p>
<p>Le attività riabilitative prevedono di stimolazione sensoriale, attività espressiva, attività cognitiva, animazione musicale, ergoterapia, pet-therapy, ortoterapia, ippoterapia, terapia in acqua. Detti interventi sono, a seconda del Progetto Riabilitativo Individualizzato, integrati da sedute individuali di logopedia e neuropsicomotricità ed eventualemente di fisioterapia.</p>
<p>Responsabili del Progetto:<br />
Dott.ssa Clelia Maragliano &#8211; Direttore Medico Specializzata in Neuropsichiatra Infantile<br />
Dott.ssa A. Martini &#8211; Psicologa<br />
Dott.ssa Valeria Canetti &#8211; Terapista della Neuro e Psicomotricità dell’Età Evolutiva – Responsabile del Settore Riabilitativo)<br />
Dott.ssa Francesca Mazzarelli- Terapista della Neuro e Psicomotricità dell’Età Evolutiva – Responsabile del Settore di riabilitazione Diurno di Ventimiglia<br />
Dott. Marco Minazzi &#8211; Educatore professionale e Laureato in Scienze Motorie Responsabile del Settore Riabilitazione Residenziale<br />
Dott. Luca Scevola Educatore Professionale e Laureato in Scienze Motorie Responsabile del Settore Riabilitazione Residenziale<br />
Dott.ssa Patrizia Vignola &#8211; Educatore Professionale Responsabile del Settore Riabilitazione Diurno di Imperia</span></p>
<div class="post-meta">Ultima Modifica: 5/10/15</div>

<p>A seguito delle numerose richieste di inserimento pervenute di utenti con diagnosi di disturbi pervasivi dello sviluppo , l&#8217;èquipe del Centro di Riabilitazione ISAH ha strutturato un “modulo specifico di riabilitazione con modalità di intervento diversificate a livello ambulatoriale, semiresidenziale e residenziale. La metodologia dell&#8217;intervento terapeutico è caratterizzata da un … <a class="continue-reading-link" href="https://www.centroisah.it/?page_id=172">continua a leggere <span class="meta-nav">&rarr; </span></a></p>
