{"id":166,"date":"2015-10-02T10:31:47","date_gmt":"2015-10-02T10:31:47","guid":{"rendered":"http:\/\/new.centroisah.it\/?page_id=166"},"modified":"2022-08-23T16:39:08","modified_gmt":"2022-08-23T14:39:08","slug":"centro-ambulatoriale-di-riabilitazione","status":"publish","type":"page","link":"https:\/\/www.centroisah.it\/?page_id=166","title":{"rendered":"CENTRO AMBULATORIALE DI RIABILITAZIONE"},"content":{"rendered":"<div class=\"my_cerca\">\n<p><img data-recalc-dims=\"1\" loading=\"lazy\" decoding=\"async\" title=\"immaginetesta_400\" src=\"https:\/\/i0.wp.com\/www.centroisah.it\/upload\/immaginetesta_400.jpg?resize=400%2C88\" alt=\"immaginetesta_400\" width=\"400\" height=\"88\" \/><\/p>\n<p class=\"Didascaliagrande\" align=\"center\"><strong>CENTRO AMBULATORIALE di RIABILITAZIONE<br \/>ACCREDITATO CON SISTEMA SANITARIO NAZIONALE<\/strong><\/p>\n<p class=\"Corpo-nessunrientro\">L&#8217;ISAH \u00e8 una Fondazione ONLUS e un ente del terzo settore senza finalit\u00e0 di lucro riconosciuto dalla Regione Liguria con iscrizione nel registro delle persone giuridiche al n. 737<\/p>\n<p class=\"Corpo-nessunrientro\">Tra le altre attivit\u00e0 gestisce Centri di riabilitazione residenziali , diurni e ambulatoriali, accreditati con il Servizio Sanitario Nazionale.<\/p>\n<p>Il Centro Ambulatoriale di Riabilitazione ISAH (CAR) si differenzia dalle altre attivit\u00e0 ambulatoriali specialistiche di recupero e rieducazione funzionale per la globalit\u00e0 del trattamento sulla disabilit\u00e0, che richiede un contestuale apporto multidisciplinare di tipo valutativo, diagnostico, terapeutico e preventivo finalizzato a contenere le limitazioni funzionali e dell&#8217;attivit\u00e0 e partecipazione della persona disabile.<\/p>\n<p>E&#8217; attivo per almeno 7\/8 ore giornaliere e 5 giorni alla settimana<\/p>\n<p class=\"Corpo-nessunrientro\">Il servizio ambulatoriale (Centro Ambulatoriale di Riabilitazione)\u00a0 si rivolge a soggetti in et\u00e0 evolutiva con problematiche riconducibili alle seguenti aree di intervento:<\/p>\n<p class=\"Corpo-nessunrientro\">&#8211; Area neuropsichiatrica<\/p>\n<p class=\"Corpo-nessunrientro\">&#8211; Area neuromotoria<\/p>\n<p class=\"Corpo-nessunrientro\">&#8211; Area della comunicazione<\/p>\n<p class=\"Corpo-nessunrientro\">&#8211; Area dell\u2019apprendimento<\/p>\n<p class=\"Corpo-nessunrientro\">&#8211; Area della relazione<\/p>\n<p>Il Centro Ambulatoriale ISAH\u00a0 fornisce, oltre alle visite specialistica, una serie di valutazioni cliniche e funzionali necessarie per verificare l\u2019ipotesi diagnostica.<\/p>\n<p>in condivisione con l&#8217;equipe multidiciplinare e i servizi territoriali delle varie ASL viene\u00a0 proposto un percorso riabilitativo che prevede trattamenti specifici e prestazioni collaterali quali la consulenza alla scuola, il sostegno psico-educativo alla famiglia, il lavoro di rete.<\/p>\n<p><span style=\"color: #ff0000;\"><strong>Il centro Ambulatoriale di Riabilitazione (CAR)\u00a0<\/strong><\/span><\/p>\n<p><a href=\"https:\/\/www.centroisah.it\/sistema\/wp-content\/uploads\/2022\/08\/isah-pieghevole-ambulatorio.pdf\"><span style=\"color: #0000ff;\"><em><strong>(scarica depliant)<\/strong><\/em><\/span><\/a><\/p>\n<p>L&#8217;ISAH fonda la filosofia del lavoronei prori CAR\u00a0 secondo progetti e programmi ed \u00e8 fortemente orientata al raggiungimento di ben definiti e misurabili obiettivi riabilitativi facilmente individuabili nel miglioramento della funzione e delle attivit\u00e0 della vita quotidiana attraverso il miglioramento delle abilit\u00e0 e delle performance della Persona, secondo le definizioni contenute nella classificazione ICF (International Classification of Funtioning, Disability and Health) dell\u2019Organizzazione Mondiale della Sanit\u00e0 (OMS).<br \/>Il percorso ambulatoriale presuppone una diagnosi riabilitativa, ossia l\u2019individuazione delle menomazionie delle disabilit\u00e0 presenti, la definizione del relativo gradiente di modificabilit\u00e0 con indicazione degli obiettivi raggiungibili e l\u2019eventuale relativa priorit\u00e0, l\u2019individuazione delle modalit\u00e0 d\u2019intervento che sulla base delle evidenze scientifiche hanno la maggiore probabilit\u00e0 di raggiungere gliobiettivi individuati e la definizione dei tempi necessari per raggiungerli.<\/p>\n<p>Nella definizione dei semplici e praticabili percorsi riabilitativi insieme al team della ASL di riferimento si considerano i seguenti elementi:<br \/>\u2022 la definizione della tipologia di patologia che ha determinato il danno menomante che richiede l\u2019intervento della medicina fisica e riabilitativa<br \/>ambulatoriale;<br \/>\u2022 il grado di acuzie o cronicit\u00e0 della menomazione con la semplice distinzione fra acuto e cronico in base al parametro temporale, ossia<br \/>all\u2019intervallo di tempo intercorso dall\u2019acuzie della malattia disabilitante;<br \/>\u2022 il grado di complessit\u00e0 del paziente preso in carico;<br \/>\u2022 il numero e la tipologia base di programmi potenzialmente appropriati per tipologia di menomazioni e disabilit\u00e0 presenti;<br \/>\u2022 gli strumenti valutativi e terapeutici appropriati per ogni singolo programma in rapporto alla tipologia di patologia disabilitante e di menomazioni e disabilit\u00e0 presenti;<br \/>\u2022 la determinazione della durata minima di ogni accesso, indipendentemente dalle prestazioni fornite all\u2019utente;<br \/>\u2022 lo strumento di misura\/valutazione finale dell\u2019\/degli obiettivo\/i previsto\/i dal\/dai programma\/ i o dal progetto riabilitativo.<br \/>Il CAR della Fondazione ISAH si basa sul concetto di \u201cpresa in carico dell\u2019utente\u201d e nell\u2019erogazione degli interventi secondo definiti programmi riabilitativi all\u2019interno di uno specifico progetto riabilitativo individuale applicando il concetto di appropriatezza prescrittiva ed erogativa.<br \/>Obiettivi generali delle singole prese in carico possono essere:<br \/>\u2022 conseguire il completo recupero delle capacit\u00e0 funzionali nelle menomazioni e disabilit\u00e0 emendabili;<br \/>\u2022 educare il cittadino utente a gestire nel tempo le proprie menomazioni e disabilit\u00e0;<br \/>\u2022 contenere le disabilit\u00e0 nelle condizioni di inemendabilit\u00e0, ottimizzando le condizioni di autonomia e autosufficienza;<br \/>\u2022 prevenire il degrado funzionale nei soggetti arischio reale di perdere i livelli funzionali e di autonomia acquisiti.<br \/>Il Centro Ambulatoriale di Riabilitazione (CAR) della Fondazione ISAH prevede una presa in carico protratta nel tempo ed \u00e8 indedicato per i cosiddetti \u00a0\u201ccasi complessi\u201d definiti come \u00a0utenti affetti da menomazioni<br \/>e\/o disabilit\u00e0 importanti, spesso multiple, con possibili esiti permanenti, elevato grado di disabilit\u00e0 nelle ADL che richiedono un team<br \/>multiprofessionale (almeno 3 tipologie di professionisti della riabilitazione, compreso il medico specialista in riabilitazione) che effettui una presa in carico omnicomprensiva nel lungo termine mediante un PRI che preveda molteplici programmi terapeutici.\u00a0<\/p>\n<p><strong>EQUIPE<\/strong><\/p>\n<div><strong>Direttore Sanitario<\/strong><\/div>\n<\/div>\n<div>Dott. Bruno BALBO<br \/>Medico Chirurgo specializzato in Foniatria Fisiatria e<\/div>\n<div class=\"my_cerca\">\n<p><strong>Medici Specialisti<br \/><\/strong><span style=\"font-size: inherit;\">Dott.ssa Sara JANIS &#8211; <\/span>Neuropsichiatra infantile<br \/>Dott. Giuseppe TRUCCHI &#8211; Neuropsichiatra infantile<\/p>\n<p><strong>Responsabile del servizio<\/strong><\/p>\n<p>Dott.ssa Valeria CANETTI<br \/>Neuropsicomotricista<\/p>\n<div><strong>Psicologi<\/strong><\/div>\n<p>Dott.ssa Alessia MARTINI<br \/>Dott.ssa Marzia BRUNENGO<\/p>\n<div>\u00a0<\/div>\n<div>\u00a0<\/div>\n<div><strong>Logopediste<\/strong><\/div>\n<p>Dott.ssa Federica AMERIO<br \/>Dott.ssa Ilaria BENECCIO<br \/>Dott.ssa Laura GALIMBERTI<br \/>Dott.ssa Antonella MEDUGNO<\/p>\n<div>\u00a0<\/div>\n<div><strong>Neuropsicomotriciste<\/strong><\/div>\n<p>Dott.ssa Giorgia GIULIANI<br \/>Dott.ssa Elena FERRETTI<br \/>Dott.ssa Antonella RUGGIERO<\/p>\n<div>\u00a0<\/div>\n<p><strong>Fisioterapisti<\/strong><\/p>\n<p>Dott. Omar ABDALLAH<br \/>Dott.ssa Patrizia ROCCI<\/p>\n<div>\u00a0<\/div>\n<p><img data-recalc-dims=\"1\" loading=\"lazy\" decoding=\"async\" title=\"mani_400\" src=\"https:\/\/i0.wp.com\/www.centroisah.it\/upload\/mani_400.jpg?resize=400%2C188\" alt=\"mani_400\" width=\"400\" height=\"188\" \/><\/p>\n<p>cosa facciamo<\/p>\n<div><strong>Neuropsichiatria<\/strong><\/div>\n<p>Il neuropsichiatra effettua la prima visita e svolge interventi di diagnosi, cura e riabilitazione nell\u2019area neuropsichiatrica e psicoterapica.<\/p>\n<p><strong>Foniatra<\/strong><\/p>\n<p>Il foniatra effettua prime visite inerenti la sua specialit\u00e0 e svolge interventi di diagnosi e cura nell\u2019ambito della fisiopatologia della comunicazione umana, della diagnosi, del trattamento medico-riabilitativo e protesico delle turbe della parola, del linguaggio, degli apprendimenti scolastici, della voce, dei disturbi della deglutizione o disfagia, dei disturbi dell&#8217;udito e dell&#8217;equilibrio.<\/p>\n<p><strong>Fisiatra<\/strong><\/p>\n<p>Il fisiatra effettua prime visite inerenti la sua specialit\u00e0 e svolge interventi di diagnosi e cura nell\u2019ambito della medicina fisica e riabilitativa. Concorre insieme ad altre figure professionali alla consulenza per l\u2019adozione di ausili.<\/p>\n<div>\u00a0<\/div>\n<div><strong>Psicologia<\/strong><\/div>\n<p>Lo psicologo svolge attivit\u00e0 di valutazione psicodiagnostica, colloqui di sostegno individuale e di piccolo gruppo rivolto agli utenti e alle famiglie.<\/p>\n<div>\u00a0<\/div>\n<div><strong>Pedagogia<\/strong><\/div>\n<p>Il pedagogista attua interventi di potenziamento degli apprendimenti all\u2019interno della struttura e in qualit\u00e0 di referente della scuola attiva interventi di mediazione famigliare in presenza di disabilit\u00e0, disturbo e difficolt\u00e0 di apprendimento in relazione all\u2019ambito scolastico.<\/p>\n<div>\u00a0<\/div>\n<div><strong>Fisioterapia<\/strong><\/div>\n<p>Il fisioterapista attua interventi di prevenzione, cura e riabilitazione nelle aree della motricit\u00e0 e delle funzini corticali superiori.<\/p>\n<div>\u00a0<strong><br \/><\/strong><\/div>\n<div><strong>Logopedia<\/strong><\/div>\n<p>Il logopedista attua interventi di prevenzione, cura e riabilitazione dei disturbi:<\/p>\n<p>&#8211; della voce<\/p>\n<p>&#8211; della comunicazione<\/p>\n<p>&#8211; del linguaggio orale e scritto<\/p>\n<p>&#8211; dell\u2019apprendimento (lettura, scrittura, calcolo)<\/p>\n<p>&#8211; della disfagia<\/p>\n<p>&#8211; della deglutizione atipica<\/p>\n<p>&#8211; Balbuzie<\/p>\n<div>&#8211;\u00a0Sordit\u00e0<\/div>\n<div>\u00a0<\/div>\n<div>\u00a0<\/div>\n<div><strong>Neuropsicomotricit\u00e0<\/strong><\/div>\n<p>Il neuropsicomotricista attua interventi di prevenzione, cura e riabilitazione dei disturbi:<\/p>\n<p>&#8211; Percettivo-motori<\/p>\n<p>&#8211; Neuromotori<\/p>\n<p>&#8211; Cognitivi<\/p>\n<p>&#8211; Psicopatologici<\/p>\n<p>&#8211; Di apprendimento (disgrafia)<\/p>\n<p>&#8211; Visuo-motori<\/p>\n<\/div>\n<p><strong>Particolari tecniche riabilitative adottate dai professionisti del Centro di Riabilitazione:<\/strong><\/p>\n<ul>\n<li>Metodo Feuerstein<\/li>\n<li>Comunicazione Aumentativa Alternativa<\/li>\n<li>PECS<\/li>\n<li>Tecniche cognitivo comportamentali<\/li>\n<li>Psicomotricit\u00e0 funzionale<\/li>\n<li>Massaggio infantile<\/li>\n<li>Metodo audio- fono- psicomotorio( metodo Zora Drenzanzic)<\/li>\n<li class=\"my_cerca\">\n<p><img data-recalc-dims=\"1\" loading=\"lazy\" decoding=\"async\" title=\"bambino2_400\" src=\"https:\/\/i0.wp.com\/www.centroisah.it\/upload\/bambino2_400.jpg?resize=200%2C400\" alt=\"bambino2_400\" width=\"200\" height=\"400\" \/><\/p>\n<div>notizie utili<\/div>\n<div>Modalit\u00e0 di accesso<\/div>\n<p>L\u2019accesso al centro ambulatoriale avviene su appuntamento.<\/p>\n<p>Per gli appuntamenti rivolgersi<\/p>\n<p>all\u2019Ufficio Relazioni con il Pubblico<\/p>\n<p>Luca De Felice<\/p>\n<p>Tel. 0183.293522<\/p>\n<p>E-Mail: <a href=\"mailto:rivello.patrizia@centroisah.it\">info@centroisah.it <\/a><\/p>\n<div>Dove siamo<\/div>\n<p>\u2022 Imperia<\/p>\n<div>\u00a0Piazzetta G.B. De Negri 4<\/div>\n<div>\u00a0tel. 0183 293522<\/div>\n<div>\u00a0<\/div>\n<p>\u2022 Ventimiglia<\/p>\n<div>\u00a0Via T. Regio 1<\/div>\n<div>\u00a0tel. 0184.357348<\/div>\n<div>\u00a0<\/div>\n<div><a href=\"http:\/\/www.centroisah.it\/\">www.centroisah.it<\/a><\/div>\n<div>e-mail: info@centroisah.it<\/div>\n<\/li>\n<\/ul>\n<p>\u00a0<\/p>\n\n\n<p><\/p>\n<div class=\"post-meta\">Ultima Modifica: 23\/08\/22<\/div>","protected":false},"excerpt":{"rendered":"<p>CENTRO AMBULATORIALE di RIABILITAZIONEACCREDITATO CON SISTEMA SANITARIO NAZIONALE L&#8217;ISAH \u00e8 una Fondazione ONLUS e un ente del terzo settore senza finalit\u00e0 di lucro riconosciuto dalla Regione Liguria con iscrizione nel registro delle persone giuridiche al n. 737 Tra le altre attivit\u00e0 gestisce Centri di riabilitazione residenziali , diurni e ambulatoriali, \u2026 <a class=\"continue-reading-link\" href=\"https:\/\/www.centroisah.it\/?page_id=166\">continua a leggere <span class=\"meta-nav\">&rarr; <\/span><\/a><\/p>\n","protected":false},"author":2,"featured_media":0,"parent":0,"menu_order":0,"comment_status":"closed","ping_status":"closed","template":"","meta":{"jetpack_post_was_ever_published":false,"footnotes":""},"class_list":["post-166","page","type-page","status-publish","hentry"],"jetpack_sharing_enabled":true,"jetpack_shortlink":"https:\/\/wp.me\/P6JrrM-2G","jetpack-related-posts":[],"jetpack_likes_enabled":true,"_links":{"self":[{"href":"https:\/\/www.centroisah.it\/index.php?rest_route=\/wp\/v2\/pages\/166","targetHints":{"allow":["GET"]}}],"collection":[{"href":"https:\/\/www.centroisah.it\/index.php?rest_route=\/wp\/v2\/pages"}],"about":[{"href":"https:\/\/www.centroisah.it\/index.php?rest_route=\/wp\/v2\/types\/page"}],"author":[{"embeddable":true,"href":"https:\/\/www.centroisah.it\/index.php?rest_route=\/wp\/v2\/users\/2"}],"replies":[{"embeddable":true,"href":"https:\/\/www.centroisah.it\/index.php?rest_route=%2Fwp%2Fv2%2Fcomments&post=166"}],"version-history":[{"count":12,"href":"https:\/\/www.centroisah.it\/index.php?rest_route=\/wp\/v2\/pages\/166\/revisions"}],"predecessor-version":[{"id":1203,"href":"https:\/\/www.centroisah.it\/index.php?rest_route=\/wp\/v2\/pages\/166\/revisions\/1203"}],"wp:attachment":[{"href":"https:\/\/www.centroisah.it\/index.php?rest_route=%2Fwp%2Fv2%2Fmedia&parent=166"}],"curies":[{"name":"wp","href":"https:\/\/api.w.org\/{rel}","templated":true}]}}