{"id":1215,"date":"2022-08-23T17:13:28","date_gmt":"2022-08-23T15:13:28","guid":{"rendered":"https:\/\/www.centroisah.it\/?page_id=1215"},"modified":"2022-08-23T17:13:28","modified_gmt":"2022-08-23T15:13:28","slug":"il-metodo-feuerstein","status":"publish","type":"page","link":"https:\/\/www.centroisah.it\/?page_id=1215","title":{"rendered":"Il metodo FEUERSTEIN"},"content":{"rendered":"\n<figure class=\"wp-block-image size-full\"><a href=\"https:\/\/i0.wp.com\/www.centroisah.it\/sistema\/wp-content\/uploads\/2022\/08\/esercizi-allenamento-mentale.jpg?ssl=1\"><img data-recalc-dims=\"1\" loading=\"lazy\" decoding=\"async\" width=\"450\" height=\"299\" data-attachment-id=\"1216\" data-permalink=\"https:\/\/www.centroisah.it\/?attachment_id=1216\" data-orig-file=\"https:\/\/i0.wp.com\/www.centroisah.it\/sistema\/wp-content\/uploads\/2022\/08\/esercizi-allenamento-mentale.jpg?fit=450%2C299&amp;ssl=1\" data-orig-size=\"450,299\" data-comments-opened=\"0\" data-image-meta=\"{&quot;aperture&quot;:&quot;0&quot;,&quot;credit&quot;:&quot;&quot;,&quot;camera&quot;:&quot;&quot;,&quot;caption&quot;:&quot;&quot;,&quot;created_timestamp&quot;:&quot;0&quot;,&quot;copyright&quot;:&quot;&quot;,&quot;focal_length&quot;:&quot;0&quot;,&quot;iso&quot;:&quot;0&quot;,&quot;shutter_speed&quot;:&quot;0&quot;,&quot;title&quot;:&quot;&quot;,&quot;orientation&quot;:&quot;0&quot;}\" data-image-title=\"esercizi allenamento mentale\" data-image-description=\"\" data-image-caption=\"\" data-medium-file=\"https:\/\/i0.wp.com\/www.centroisah.it\/sistema\/wp-content\/uploads\/2022\/08\/esercizi-allenamento-mentale.jpg?fit=300%2C199&amp;ssl=1\" data-large-file=\"https:\/\/i0.wp.com\/www.centroisah.it\/sistema\/wp-content\/uploads\/2022\/08\/esercizi-allenamento-mentale.jpg?fit=450%2C299&amp;ssl=1\" src=\"https:\/\/i0.wp.com\/www.centroisah.it\/sistema\/wp-content\/uploads\/2022\/08\/esercizi-allenamento-mentale.jpg?resize=450%2C299&#038;ssl=1\" alt=\"\" class=\"wp-image-1216\" srcset=\"https:\/\/i0.wp.com\/www.centroisah.it\/sistema\/wp-content\/uploads\/2022\/08\/esercizi-allenamento-mentale.jpg?w=450&amp;ssl=1 450w, https:\/\/i0.wp.com\/www.centroisah.it\/sistema\/wp-content\/uploads\/2022\/08\/esercizi-allenamento-mentale.jpg?resize=300%2C199&amp;ssl=1 300w, https:\/\/i0.wp.com\/www.centroisah.it\/sistema\/wp-content\/uploads\/2022\/08\/esercizi-allenamento-mentale.jpg?resize=150%2C100&amp;ssl=1 150w, https:\/\/i0.wp.com\/www.centroisah.it\/sistema\/wp-content\/uploads\/2022\/08\/esercizi-allenamento-mentale.jpg?resize=226%2C150&amp;ssl=1 226w\" sizes=\"auto, (max-width: 450px) 100vw, 450px\" \/><\/a><\/figure>\n\n\n\n<p><strong><span style=\"text-decoration: underline;\"><a href=\"https:\/\/www.centroisah.it\/sistema\/wp-content\/uploads\/2022\/08\/brochure-feuerstein.pdf\">(scarica depliant informativo)<\/a><\/span><\/strong><\/p>\n\n\n\n<p>POTENZIARE LA MENTE!!!<\/p>\n\n\n\n<p>Una sfida possibile per tutti!<strong><\/strong><\/p>\n\n\n\n<p><strong>Imparare ad imparare attraverso il Metodo Feuerstein<\/strong><em><\/em><\/p>\n\n\n\n<p><em>Presso la nostra sede \u00e8 possibile avviare percorsi di potenziamento cognitivo con il Programma di Arricchimento Strumentale (PAS) del Metodo Feuerstein.&nbsp;<\/em><\/p>\n\n\n\n<p><strong><em>Cos\u2019\u00e8 il metodo Feuerstein?<\/em><\/strong><strong><\/strong><\/p>\n\n\n\n<p>&nbsp;&nbsp;&nbsp;&nbsp;&nbsp;&nbsp;&nbsp;&nbsp;&nbsp;&nbsp;&nbsp; Il Metodo Feuerstein, messo a punto dallo psicologo e pedagogista israeliano Reuven Feuerstein,si pone come obiettivo lo sviluppo del potenziale di apprendimento e il&nbsp;potenziamento delle abilit\u00e0 cognitive&nbsp;dell\u2019individuo<\/p>\n\n\n\n<p>&nbsp;&nbsp;&nbsp;&nbsp;&nbsp;&nbsp;&nbsp;&nbsp;&nbsp;&nbsp;&nbsp; Al centro di questo metodo non ci sono i contenuti delle diverse discipline, bens\u00ec la strutturazione di processi mentali adeguati ed efficaci che possano facilitare l\u2019apprendimento anche in situazioni di difficolt\u00e0 cognitive e dell\u2019apprendimento di varia natura.<\/p>\n\n\n\n<p><strong>PROGRAMMA DI ARRICCHIMENTO STRUMENTALE DI RAUVER FEUERSTEIN:<\/strong><strong><em><u><\/u><\/em><\/strong><\/p>\n\n\n\n<p><strong><em><u>Una palestra per la mente<\/u><\/em><\/strong><\/p>\n\n\n\n<p>Il programma di arricchimento strumentale (PAS) \u00e8 un programma di educazione cognitiva, basato sulla Pedagogia della Mediazione.<\/p>\n\n\n\n<p>La pedagogia della mediazione \u00e8 basata su studi di psicologi come Vygottskij, Bruner e Feuerstein che affermano la <strong>modificabilit\u00e0 dell\u2019intelligenza<\/strong> non solo nel corso del periodo evolutivo ma a qualsiasi et\u00e0 e in qualsiasi fase di sviluppo.<\/p>\n\n\n\n<p>Tale modificazione pu\u00f2 essere indotta dalla mediazione intesa come la possibilit\u00e0 che l\u2019adulto-mediatore ha di organizzare, prevedere e analizzare le interazioni necessarie all\u2019educabilit\u00e0 cognitiva dei discenti. Il mediatore lavorer\u00e0 per conoscere le modalit\u00e0 del pensare dell\u2019individuo e provocare quindi una modificazione strutturare del funzionamento cognitivo a qualsiasi et\u00e0.<\/p>\n\n\n\n<p><strong><em>Cos\u2019\u00e8 il PAS ?<\/em><\/strong><\/p>\n\n\n\n<p>&nbsp;Il PAS costituisce la parte operativa del metodo ed \u00e8 costituito da strumenti destinati a bambini di et\u00e0 scolare o a soggetti in cui le funzioni cognitive di base siano inadeguate, immature o fortemente compromesse.<strong><\/strong><\/p>\n\n\n\n<p><strong><em>A chi pu\u00f2 risultare utile il PAS?<\/em><\/strong><\/p>\n\n\n\n<ul class=\"wp-block-list\"><li>Bambini in et\u00e0 prescolare<\/li><li>Bambini che frequentano i primi anni della scuola primaria<\/li><li>Bambini o adolescenti le cui funzioni cognitive di base siano inadeguate, immature o fortemente compromesse<\/li><li>Soggetti con DSA e ADHD<\/li><li>Adulti o anziani che per ragioni specifiche (traumi, patologie, disturbi della senilit\u00e0) abbiano esigenze di riabilitazione.<\/li><\/ul>\n\n\n\n<p>Questo intervento mira a insegnare a persone di tutte le et\u00e0 abilit\u00e0 di apprendimento e pensiero, come percezione, attenzione, confronto, classificazione e organizzazione della conoscenza e fornire a bambini e adulti le competenze critiche per migliorare la loro intelligenza.<\/p>\n\n\n\n<p><strong><em>La nostra intelligenza \u00e8 malleabile, non cristallizzata. Poter prendere consapevolezza delle proprie potenzialit\u00e0 e migliorasi \u00e8 possibile!!!<\/em><\/strong><\/p>\n\n\n\n<p>&nbsp;&nbsp;&nbsp;&nbsp;&nbsp;&nbsp;&nbsp;&nbsp;&nbsp;&nbsp;&nbsp; Presso il nostro centro proponiamo percorsi individuali e di piccolo gruppo per incrementare le competenze cognitive, imparare stategie cognitive, accrescere il proprio senso di autostima e autoefficacia.<\/p>\n\n\n\n<p>I percorsi sono mediati da un applicatore specializzato e certificato all\u2019utilizzo del Metodo.<\/p>\n\n\n\n<p>ll \u201cMEDIATORE\u201d agisce in modo che tutte le informazioni divengano conoscenze: ci\u00f2 significa che offre ai discenti la possibilit\u00e0 di imparare a interpretare, organizzare e strutturare le informazioni ricevute dall&#8217;ambiente e, di conseguenza, la possibilit\u00e0 di rendersi autonomi nell&#8217;apprendimento e di adattarsi, con flessibilit\u00e0, a tutte le situazioni nuove<\/p>\n\n\n\n<p>L\u2019applicatore presenta gli esercizi, spiega i termini, prepara il lavoro indipendente, elabora processi e strategie, fa una previsione delle possibili difficolt\u00e0 a livello di un esercizio specifico o del funzionamento cognitivo del soggetto, rinforza l\u2019apprendimento ed aiuta i discenti ad espandere le abilit\u00e0 e i concetti appresi a situazioni diverse.<\/p>\n\n\n\n<p>&nbsp;&nbsp;&nbsp;&nbsp;&nbsp;&nbsp;&nbsp;&nbsp;&nbsp;&nbsp;&nbsp; Esso valuta i cambiamenti indotti dall\u2019uso del PAS osservando l\u2019efficienza degli utenti nel risolvere esercizi specifici e la loro capacit\u00e0 di mettere in atto processi di pensiero e transfer spontanei. In altre parole focalizzano la loro attenzione sul <strong>processo di pensiero<\/strong> piuttosto che sul prodotto.<\/p>\n\n\n\n<p>&nbsp;&nbsp;&nbsp;&nbsp;&nbsp;&nbsp;&nbsp;&nbsp;&nbsp;&nbsp;&nbsp; Presso il Centro di Riabilitazione Polivalente I.S.A.H. \u00e8 possibile richiedere una consulenza gratuita con terapista specializzato, online o presso la nostra sede, per verificare l&#8217;effettiva possibilit\u00e0 di intervento attraverso l&#8217;uso del metodo Feuerstein, esaminando coi genitori le problematicit\u00e0 presenti e valutando insieme la proposta riabilitativa per il bambino.<\/p>\n\n\n\n<p>&nbsp;&nbsp;&nbsp;&nbsp;&nbsp;&nbsp;&nbsp;&nbsp;&nbsp; Valutato il progetto individuale \u00e8 prevista la possibilit\u00e0 di presa in carico a distanza tramite videochiamata finalizzata a chi, per motivi diversi, non pu\u00f2 raggiungere la nostra sede.<\/p>\n<div class=\"post-meta\">Ultima Modifica: 23\/08\/22<\/div>","protected":false},"excerpt":{"rendered":"<p>(scarica depliant informativo) POTENZIARE LA MENTE!!! Una sfida possibile per tutti! Imparare ad imparare attraverso il Metodo Feuerstein Presso la nostra sede \u00e8 possibile avviare percorsi di potenziamento cognitivo con il Programma di Arricchimento Strumentale (PAS) del Metodo Feuerstein.&nbsp; Cos\u2019\u00e8 il metodo Feuerstein? &nbsp;&nbsp;&nbsp;&nbsp;&nbsp;&nbsp;&nbsp;&nbsp;&nbsp;&nbsp;&nbsp; Il Metodo Feuerstein, messo a punto \u2026 <a class=\"continue-reading-link\" href=\"https:\/\/www.centroisah.it\/?page_id=1215\">continua a leggere <span class=\"meta-nav\">&rarr; <\/span><\/a><\/p>\n","protected":false},"author":4,"featured_media":0,"parent":0,"menu_order":0,"comment_status":"closed","ping_status":"closed","template":"","meta":{"jetpack_post_was_ever_published":false,"footnotes":""},"class_list":["post-1215","page","type-page","status-publish","hentry"],"jetpack_sharing_enabled":true,"jetpack_shortlink":"https:\/\/wp.me\/P6JrrM-jB","jetpack-related-posts":[],"jetpack_likes_enabled":true,"_links":{"self":[{"href":"https:\/\/www.centroisah.it\/index.php?rest_route=\/wp\/v2\/pages\/1215","targetHints":{"allow":["GET"]}}],"collection":[{"href":"https:\/\/www.centroisah.it\/index.php?rest_route=\/wp\/v2\/pages"}],"about":[{"href":"https:\/\/www.centroisah.it\/index.php?rest_route=\/wp\/v2\/types\/page"}],"author":[{"embeddable":true,"href":"https:\/\/www.centroisah.it\/index.php?rest_route=\/wp\/v2\/users\/4"}],"replies":[{"embeddable":true,"href":"https:\/\/www.centroisah.it\/index.php?rest_route=%2Fwp%2Fv2%2Fcomments&post=1215"}],"version-history":[{"count":1,"href":"https:\/\/www.centroisah.it\/index.php?rest_route=\/wp\/v2\/pages\/1215\/revisions"}],"predecessor-version":[{"id":1218,"href":"https:\/\/www.centroisah.it\/index.php?rest_route=\/wp\/v2\/pages\/1215\/revisions\/1218"}],"wp:attachment":[{"href":"https:\/\/www.centroisah.it\/index.php?rest_route=%2Fwp%2Fv2%2Fmedia&parent=1215"}],"curies":[{"name":"wp","href":"https:\/\/api.w.org\/{rel}","templated":true}]}}

<figure class="wp-block-image size-full"><a href="https://i0.wp.com/www.centroisah.it/sistema/wp-content/uploads/2022/08/esercizi-allenamento-mentale.jpg?ssl=1"><img data-recalc-dims="1" loading="lazy" decoding="async" width="450" height="299" data-attachment-id="1216" data-permalink="https://www.centroisah.it/?attachment_id=1216" data-orig-file="https://i0.wp.com/www.centroisah.it/sistema/wp-content/uploads/2022/08/esercizi-allenamento-mentale.jpg?fit=450%2C299&amp;ssl=1" data-orig-size="450,299" data-comments-opened="0" data-image-meta="{&quot;aperture&quot;:&quot;0&quot;,&quot;credit&quot;:&quot;&quot;,&quot;camera&quot;:&quot;&quot;,&quot;caption&quot;:&quot;&quot;,&quot;created_timestamp&quot;:&quot;0&quot;,&quot;copyright&quot;:&quot;&quot;,&quot;focal_length&quot;:&quot;0&quot;,&quot;iso&quot;:&quot;0&quot;,&quot;shutter_speed&quot;:&quot;0&quot;,&quot;title&quot;:&quot;&quot;,&quot;orientation&quot;:&quot;0&quot;}" data-image-title="esercizi allenamento mentale" data-image-description="" data-image-caption="" data-medium-file="https://i0.wp.com/www.centroisah.it/sistema/wp-content/uploads/2022/08/esercizi-allenamento-mentale.jpg?fit=300%2C199&amp;ssl=1" data-large-file="https://i0.wp.com/www.centroisah.it/sistema/wp-content/uploads/2022/08/esercizi-allenamento-mentale.jpg?fit=450%2C299&amp;ssl=1" src="https://i0.wp.com/www.centroisah.it/sistema/wp-content/uploads/2022/08/esercizi-allenamento-mentale.jpg?resize=450%2C299&#038;ssl=1" alt="" class="wp-image-1216" srcset="https://i0.wp.com/www.centroisah.it/sistema/wp-content/uploads/2022/08/esercizi-allenamento-mentale.jpg?w=450&amp;ssl=1 450w, https://i0.wp.com/www.centroisah.it/sistema/wp-content/uploads/2022/08/esercizi-allenamento-mentale.jpg?resize=300%2C199&amp;ssl=1 300w, https://i0.wp.com/www.centroisah.it/sistema/wp-content/uploads/2022/08/esercizi-allenamento-mentale.jpg?resize=150%2C100&amp;ssl=1 150w, https://i0.wp.com/www.centroisah.it/sistema/wp-content/uploads/2022/08/esercizi-allenamento-mentale.jpg?resize=226%2C150&amp;ssl=1 226w" sizes="auto, (max-width: 450px) 100vw, 450px" /></a></figure>



<p><strong><span style="text-decoration: underline;"><a href="https://www.centroisah.it/sistema/wp-content/uploads/2022/08/brochure-feuerstein.pdf">(scarica depliant informativo)</a></span></strong></p>



<p>POTENZIARE LA MENTE!!!</p>



<p>Una sfida possibile per tutti!<strong></strong></p>



<p><strong>Imparare ad imparare attraverso il Metodo Feuerstein</strong><em></em></p>



<p><em>Presso la nostra sede è possibile avviare percorsi di potenziamento cognitivo con il Programma di Arricchimento Strumentale (PAS) del Metodo Feuerstein.&nbsp;</em></p>



<p><strong><em>Cos’è il metodo Feuerstein?</em></strong><strong></strong></p>



<p>&nbsp;&nbsp;&nbsp;&nbsp;&nbsp;&nbsp;&nbsp;&nbsp;&nbsp;&nbsp;&nbsp; Il Metodo Feuerstein, messo a punto dallo psicologo e pedagogista israeliano Reuven Feuerstein,si pone come obiettivo lo sviluppo del potenziale di apprendimento e il&nbsp;potenziamento delle abilità cognitive&nbsp;dell’individuo</p>



<p>&nbsp;&nbsp;&nbsp;&nbsp;&nbsp;&nbsp;&nbsp;&nbsp;&nbsp;&nbsp;&nbsp; Al centro di questo metodo non ci sono i contenuti delle diverse discipline, bensì la strutturazione di processi mentali adeguati ed efficaci che possano facilitare l’apprendimento anche in situazioni di difficoltà cognitive e dell’apprendimento di varia natura.</p>



<p><strong>PROGRAMMA DI ARRICCHIMENTO STRUMENTALE DI RAUVER FEUERSTEIN:</strong><strong><em><u></u></em></strong></p>



<p><strong><em><u>Una palestra per la mente</u></em></strong></p>



<p>Il programma di arricchimento strumentale (PAS) è un programma di educazione cognitiva, basato sulla Pedagogia della Mediazione.</p>



<p>La pedagogia della mediazione è basata su studi di psicologi come Vygottskij, Bruner e Feuerstein che affermano la <strong>modificabilità dell’intelligenza</strong> non solo nel corso del periodo evolutivo ma a qualsiasi età e in qualsiasi fase di sviluppo.</p>



<p>Tale modificazione può essere indotta dalla mediazione intesa come la possibilità che l’adulto-mediatore ha di organizzare, prevedere e analizzare le interazioni necessarie all’educabilità cognitiva dei discenti. Il mediatore lavorerà per conoscere le modalità del pensare dell’individuo e provocare quindi una modificazione strutturare del funzionamento cognitivo a qualsiasi età.</p>



<p><strong><em>Cos’è il PAS ?</em></strong></p>



<p>&nbsp;Il PAS costituisce la parte operativa del metodo ed è costituito da strumenti destinati a bambini di età scolare o a soggetti in cui le funzioni cognitive di base siano inadeguate, immature o fortemente compromesse.<strong></strong></p>



<p><strong><em>A chi può risultare utile il PAS?</em></strong></p>



<ul class="wp-block-list"><li>Bambini in età prescolare</li><li>Bambini che frequentano i primi anni della scuola primaria</li><li>Bambini o adolescenti le cui funzioni cognitive di base siano inadeguate, immature o fortemente compromesse</li><li>Soggetti con DSA e ADHD</li><li>Adulti o anziani che per ragioni specifiche (traumi, patologie, disturbi della senilità) abbiano esigenze di riabilitazione.</li></ul>



<p>Questo intervento mira a insegnare a persone di tutte le età abilità di apprendimento e pensiero, come percezione, attenzione, confronto, classificazione e organizzazione della conoscenza e fornire a bambini e adulti le competenze critiche per migliorare la loro intelligenza.</p>



<p><strong><em>La nostra intelligenza è malleabile, non cristallizzata. Poter prendere consapevolezza delle proprie potenzialità e migliorasi è possibile!!!</em></strong></p>



<p>&nbsp;&nbsp;&nbsp;&nbsp;&nbsp;&nbsp;&nbsp;&nbsp;&nbsp;&nbsp;&nbsp; Presso il nostro centro proponiamo percorsi individuali e di piccolo gruppo per incrementare le competenze cognitive, imparare stategie cognitive, accrescere il proprio senso di autostima e autoefficacia.</p>



<p>I percorsi sono mediati da un applicatore specializzato e certificato all’utilizzo del Metodo.</p>



<p>ll “MEDIATORE” agisce in modo che tutte le informazioni divengano conoscenze: ciò significa che offre ai discenti la possibilità di imparare a interpretare, organizzare e strutturare le informazioni ricevute dall&#8217;ambiente e, di conseguenza, la possibilità di rendersi autonomi nell&#8217;apprendimento e di adattarsi, con flessibilità, a tutte le situazioni nuove</p>



<p>L’applicatore presenta gli esercizi, spiega i termini, prepara il lavoro indipendente, elabora processi e strategie, fa una previsione delle possibili difficoltà a livello di un esercizio specifico o del funzionamento cognitivo del soggetto, rinforza l’apprendimento ed aiuta i discenti ad espandere le abilità e i concetti appresi a situazioni diverse.</p>



<p>&nbsp;&nbsp;&nbsp;&nbsp;&nbsp;&nbsp;&nbsp;&nbsp;&nbsp;&nbsp;&nbsp; Esso valuta i cambiamenti indotti dall’uso del PAS osservando l’efficienza degli utenti nel risolvere esercizi specifici e la loro capacità di mettere in atto processi di pensiero e transfer spontanei. In altre parole focalizzano la loro attenzione sul <strong>processo di pensiero</strong> piuttosto che sul prodotto.</p>



<p>&nbsp;&nbsp;&nbsp;&nbsp;&nbsp;&nbsp;&nbsp;&nbsp;&nbsp;&nbsp;&nbsp; Presso il Centro di Riabilitazione Polivalente I.S.A.H. è possibile richiedere una consulenza gratuita con terapista specializzato, online o presso la nostra sede, per verificare l&#8217;effettiva possibilità di intervento attraverso l&#8217;uso del metodo Feuerstein, esaminando coi genitori le problematicità presenti e valutando insieme la proposta riabilitativa per il bambino.</p>



<p>&nbsp;&nbsp;&nbsp;&nbsp;&nbsp;&nbsp;&nbsp;&nbsp;&nbsp; Valutato il progetto individuale è prevista la possibilità di presa in carico a distanza tramite videochiamata finalizzata a chi, per motivi diversi, non può raggiungere la nostra sede.</p>
<div class="post-meta">Ultima Modifica: 23/08/22</div>

<p>(scarica depliant informativo) POTENZIARE LA MENTE!!! Una sfida possibile per tutti! Imparare ad imparare attraverso il Metodo Feuerstein Presso la nostra sede è possibile avviare percorsi di potenziamento cognitivo con il Programma di Arricchimento Strumentale (PAS) del Metodo Feuerstein.&nbsp; Cos’è il metodo Feuerstein? &nbsp;&nbsp;&nbsp;&nbsp;&nbsp;&nbsp;&nbsp;&nbsp;&nbsp;&nbsp;&nbsp; Il Metodo Feuerstein, messo a punto … <a class="continue-reading-link" href="https://www.centroisah.it/?page_id=1215">continua a leggere <span class="meta-nav">&rarr; </span></a></p>
